
0
Suppose d + 10*y - 5*y = -16, -y + 8 = 3*d. Suppose -2*r + o - 5 = -d*r, 5*r - 3*o = 18. What is the units digit of r?
3
What is the tens digit of 0 + -1 + (27 - -4)?
3
Suppose -l = 2*v + v + 9, 49 = 4*l - 5*v. Suppose -3*a = -l*a + 9. Suppose 0 = a*z - 5*z + 6. What is the units digit of z?
3
What is the tens digit of 74*1*(-13)/(-26)?
3
Let z(c) = -5*c + 2. Let x be (-3)/(9/6) + 6. Let o(j) = 14*j - 6. Let g(w) = x*o(w) + 11*z(w). What is the units digit of g(3)?
1
Let m(v) be the first derivative of -1/4*v**4 + 3 + 2*v**2 + 0*v - 4/3*v**3. What is the units digit of m(-5)?
5
Let q = 76 + 64. What is the tens digit of q?
4
Let n = 28 + -16. Let u = -7 + n. What is the units digit of 81/15 + (-2)/u?
5
Let u be 48/20 + 6/10. What is the units digit of u*(6/(-9))/(-1)?
2
Let g(l) = 8*l + 1. Let i be g(1). Let p = i - -7. What is the tens digit of p?
1
Suppose -15 = -9*z + 4*z. Suppose -z + 0 = -b. Suppose b*a + 5 - 26 = 0. What is the units digit of a?
7
Let q be (-1)/(-1)*-2 + -4. Let k(z) = -4*z**2 - 9*z - 5. Let f(o) = 3*o**2 + 9*o + 6. Let x(j) = -3*f(j) - 2*k(j). What is the units digit of x(q)?
0
Let y(p) be the third derivative of -p**5/60 + p**4/6 + p**3/2 + p**2. Let j be y(4). Suppose -15 = j*z, -3*q + 45 = q - 5*z. What is the units digit of q?
5
Let j = 3 + 36. What is the tens digit of j?
3
Suppose 4*u - u = 12. Suppose -20 = -u*j + 3*s + 7, 3*s + 15 = 0. Suppose j*c - 3 = 0, -4*y + 10 = -4*c + 2. What is the units digit of y?
3
Let k(p) = 2*p**2 - 3*p - 3. Let a be 54/14 - 3/(-21). What is the units digit of k(a)?
7
Let g be -1 - 0 - 8/(-1). Let y(d) = -4 + 6*d**2 - d**3 - 5 + 10*d + 0*d**3. What is the tens digit of y(g)?
1
Suppose -4*s + 125 = 3*b, -40 - 41 = -3*s + 2*b. What is the units digit of s?
9
Suppose -3*q + 20 = -2*q. What is the tens digit of q?
2
Suppose -b + 2 = -0. Suppose 4*v = j - 31, -v = b*j + 2*j - 39. What is the tens digit of j?
1
Suppose 0*z + 325 = 5*z. What is the tens digit of z?
6
Suppose -c - 8 = -9. Let p(y) = -2*y + 2 + 2 - 3 + 11*y**2. What is the units digit of p(c)?
0
Let w(z) = 3. Let s(t) = t - 1. Let j(a) = s(a) + w(a). What is the units digit of j(0)?
2
Let v(a) = -a**3 - 6*a**2 - 5*a - 1. What is the units digit of v(-6)?
9
Let a = -6 - -40. What is the tens digit of a?
3
Suppose 0 = -4*b + 7*b - 69. What is the units digit of b?
3
Suppose -3*n = -4*d - 13, d = -n - 2*d. Let y = n - -4. What is the units digit of y?
7
What is the units digit of 39 + (6 + 0)/(2 - 0)?
2
Let j(v) = -4*v**2 + 10*v + 17. Let o(h) = 5*h**2 - 10*h - 18. Let t(d) = 6*j(d) + 5*o(d). What is the units digit of t(-9)?
3
Let j = -12 + 25. What is the units digit of j?
3
Let j = -13 + 13. Suppose -2*p - 5*q + 46 = -0*p, j = 5*p + 2*q - 73. What is the units digit of p?
3
Let f(d) = 12*d**2 - 5*d + 4. What is the units digit of f(2)?
2
Let a = 55 - 26. What is the tens digit of a?
2
Suppose -5*a + 25 = 5*h, 0 = 4*a + 2*h - h - 23. Suppose a*u + 8 = 7*u. What is the units digit of u?
8
Let n(b) = -b**3 + b**2 + 52. What is the tens digit of n(0)?
5
Let v = 11 - 15. What is the units digit of (-2)/v + 68/8?
9
Let y(c) = c**2 - 7*c + 8. What is the units digit of y(7)?
8
Let z = 13 + 2. Let w be (z + -5)/(1*2). Let v = 8 - w. What is the units digit of v?
3
Suppose -2*d = i + 16, 5*i + 48 + 97 = 3*d. Let b = i - -49. What is the units digit of b?
3
Suppose k = m + 50, -7 = 3*m - 1. What is the units digit of k?
8
Suppose 2*g - g - 14 = 0. Let i = g + -9. What is the units digit of i?
5
Let c be 0 + -4 + 2 - -75. Let o = -41 + c. Let w = -23 + o. What is the units digit of w?
9
What is the tens digit of (52/(-10))/(2/(-5))?
1
Suppose 3*m = 44 - 236. Let x = -37 - m. What is the units digit of x?
7
Let l(u) = -u - 6. Let a be l(-8). Suppose -m + 45 = a*m. What is the units digit of m?
5
Suppose 6*n = 160 + 350. What is the tens digit of n?
8
Suppose -3*r = -4*r. Suppose 4*p + j - 70 = r, 2*p - 4*j + 0*j - 44 = 0. Suppose -5*o + 12 + p = 0. What is the units digit of o?
6
Let y(c) = c**3 - c**2 + 4. Suppose 0 = -r - w + 4 - 2, -4*r - 3*w + 6 = 0. Let l be y(r). Suppose 31 - l = 3*t. What is the units digit of t?
9
Let k = -26 - -61. What is the tens digit of k?
3
Let i = -28 + 39. What is the tens digit of i?
1
What is the units digit of 14/(5/15*6)?
7
What is the tens digit of (-2)/11 + 3410/121?
2
Suppose -b = -v - 9, b + 0*b - 3*v - 9 = 0. What is the tens digit of ((-2)/1)/(b/(-72))?
1
Let z(n) = 24*n + 12. What is the tens digit of z(4)?
0
Suppose 0 = 4*a - 5*c - 25, 14 = 2*a - 3*c + c. What is the tens digit of a?
1
What is the units digit of 657/7 - (-8)/56?
4
What is the tens digit of 13 - (6 - 4 - 6)?
1
Let c(z) = -z - 5 - z**2 + 2*z**2 - 6*z. Let l = -21 - -29. What is the units digit of c(l)?
3
Suppose 2*v - 5*f = -4*f - 1, -5*v = -2*f + 3. What is the units digit of (0 - v) + (14 - 3)?
2
Let m = -3 - -3. Suppose 0 = 2*n - m - 2. What is the units digit of n*(1 + (-14)/(-2))?
8
Let g = -9 - -6. Let w(o) = 4*o - 1 + o**2 + 4 + o**2. What is the units digit of w(g)?
9
Suppose 0*h = -4*h + 2*v + 2, -5*h + 3*v = -5. Let n be 1/(-3 - h - -2). Suppose 8 = w - n. What is the units digit of w?
9
Suppose -8*a = -271 - 593. What is the tens digit of a?
0
Let v(c) = 49*c**2 + 1. Let f be v(-1). Suppose -4*y - 4*t + 43 = -17, 3*t + f = 2*y. What is the tens digit of y?
1
Let z = -36 - 3. Let y = -28 - z. What is the units digit of y?
1
Let v(d) = -10*d**3 - 3*d**2 + 4*d + 3. Let k be v(-3). What is the units digit of (k/27)/(4/18)?
9
Suppose -5*g - 3 = -3*g - 5*m, 4*m = 20. Let w = -39 + 68. Suppose -5*c + g = -w. What is the units digit of c?
8
Suppose -2 = u - 8. What is the units digit of u?
6
Let n = -13 + 44. What is the units digit of n?
1
Let s(t) = -3*t**3 - 5*t**2 + 2. Let m(d) = -4*d**3 - 5*d**2 + d + 3. Let g(a) = -2*m(a) + 3*s(a). Suppose -4*f - 10 = -2*f. What is the tens digit of g(f)?
1
Let v be (-24)/2*(-16)/32. Suppose 3*a + 5*b = -a + 17, 3*a = -4*b + 13. Suppose -a*d + 0*d + v = 0. What is the units digit of d?
2
Suppose 0 = 4*v + 5 - 1. What is the tens digit of v/3 - (-165)/9?
1
What is the units digit of (-636)/(-78) - 4/26?
8
Let y(t) = 2*t - 5. Let o be y(5). Suppose 0 = -o*x + b + 93, -21 = -5*x - 3*b + 60. What is the tens digit of x?
1
Let f = 64 + -126. Let k = -34 - f. Suppose k = 3*x + x. What is the units digit of x?
7
Suppose -5*o + 0*o + 3*i = -15, -o + 2*i + 10 = 0. Let h = o - 3. What is the units digit of -1 + 0 + 0 - h?
2
Suppose 4*h + 4*j = -2 + 10, -5*h - 4*j = -12. Suppose -3*d - r + 0*r = -18, h*d - 4*r = 40. What is the units digit of d?
7
Let d(j) = 2*j**2 - 4*j - 5. Let h be (-2)/(2*(-3)/15). Let y be d(h). Suppose -19 = -2*a + 3*z, 3*z - y = -2*a + 4*z. What is the tens digit of a?
1
Suppose -p - 4 = 26. What is the units digit of (-12)/(-2)*(-45)/p?
9
Suppose 0 = -5*m + 6*m - 117. What is the hundreds digit of m?
1
Let d = -333 + 589. What is the tens digit of d?
5
Let h be 44 + (-3 - (-2 - 0)). Let j = -28 + h. What is the units digit of j?
5
What is the units digit of 37 + 3 + -3 + 1?
8
Let p = 5 + 1. Suppose 4*u + 176 = -2*o + p*o, u = 5*o - 208. Suppose -3*k = -2*g - 7, -o = -7*k + 2*k - 4*g. What is the units digit of k?
5
Suppose -24*b = -25*b + 36. What is the units digit of b?
6
Let m be (-69)/2*12/(-9). Suppose 3*h = h - m. Let s = 35 + h. What is the tens digit of s?
1
Suppose 3*i - 12 = -0. Suppose 20 - 8 = i*p. What is the units digit of p?
3
Let a(u) = -u**2 + 9*u - 10. Suppose 0 - 7 = -q. What is the units digit of a(q)?
4
Suppose -43 = 3*h + 593. What is the units digit of (-2)/6 - h/6?
5
What is the tens digit of 17/(4 - 3) + 2?
1
Suppose -3*w + 2 = -7. Let q(c) = 9 - 2 - c - w. What is the units digit of q(3)?
1
Suppose -3*o + 4*l = -9 - 12, -28 = -4*o + 2*l. What is the units digit of o?
7
What is the tens digit of ((-63)/(-15))/((-3)/(-15))?
2
Let t(y) = 2*y**2 + 17*y + 10. What is the units digit of t(8)?
4
Let a(x) = 2*x - 6. Let z be a(4). Suppose z*m - 4*j - 18 = -0*m, 0 = -3*m + 4*j + 29. What is the units digit of m?
1
Let q(n) = n**2 + 4*n - 6. Let o be q(-6). Let g be (-2)/o - 64/(-12). Suppose g*f - 34 = -4*p, 2*f + p = 7*f - 29. What is the units digit of f?
6
Let t(f) = 2*f**3 - 3*f**3 + 6*f - f**2 + 6*f**2. Let s be t(6). Let w = s + 6. What is t